 of u?
5
Let q(o) = o - 2. Suppose 0 = -w + 2 - 9. Let g = 11 + w. What are the prime factors of q(g)?
2
Suppose -5*t = 5*u, -7 - 5 = 4*u. Suppose t = -5*f + 13. List the prime factors of 15/f*(-2)/(-3).
5
Let q(c) = 2*c - 5. Let s be q(6). Let b = -4 + s. What are the prime factors of (-21)/2*(-2)/b?
7
Let p(u) = u**3 + 13*u**2 - 12*u + 33. Let c be p(-14). Let y = 1 + 4. Suppose -c*v + 25 = y*o, -v + 20 = 4*o - 9. List the prime factors of o.
2
Let z(a) = 12*a - 3. Let b be z(1). Let g(s) = 5*s - 11 + 2*s - 5*s. List the prime factors of g(b).
7
Let l be 2/((4/14)/2). What are the prime factors of 4/l - 66/(-14)?
5
Suppose 4*b + 32 = 2*c, -4*c - 3*b = -35 - 62. Suppose -c = -d + 22. List the prime factors of d.
2, 11
Let u(k) = 2*k**2 - 3*k + 1. Let y be 48/15 - 1/5. List the prime factors of u(y).
2, 5
Let m = 58 + -115. Let p = 83 + m. Suppose 4*b - p - 18 = 0. What are the prime factors of b?
11
Let h = 75 - 70. List the prime factors of h.
5
Suppose -6 = -d - 0. Suppose 0*w - d = -3*w. Suppose f + w*q = -f + 32, 4*f = -5*q + 60. List the prime factors of f.
2, 5
Let p = 39 - 20. What are the prime factors of p?
19
Suppose -5*t + 46 = -119. Suppose 3*r - 31 = -2*r + 4*c, -5*r = -2*c - t. What are the prime factors of r?
7
Let v = 8 + -18. What are the prime factors of (-132)/v + (-10)/50?
13
Suppose 8*j - 4*j - 128 = 0. List the prime factors of j.
2
Suppose -2*y - 2*y + 100 = -4*v, 2*v - 85 = -3*y. Suppose -y - 45 = -4*h. Suppose -3*p = -5*p + h. What are the prime factors of p?
3
Let s be (-6)/27 - (-382)/18. What are the prime factors of s - (2 + -3 - -4)?
2, 3
Let u be (6 - (-1 + 2)) + 0. Suppose -9 = u*j - 44. What are the prime factors of j?
7
Let w be (-1)/(8/(-6))*28. Suppose 3 - w = 2*x. List the prime factors of ((-30)/x)/5*9.
2, 3
Suppose 4*p = -3*d + 12, p + 2 = -3*d + 5. List the prime factors of p/((-2)/(-7*2)).
3, 7
Let o = -19 - -21. Suppose o*l - 4*l = -38. List the prime factors of l.
19
What are the prime factors of 68 - (10 + -4 - 4)?
2, 3, 11
Let z = 5 + 4. Let f be 12/3*(-3)/(-6). Let b = z - f. What are the prime factors of b?
7
Let m(w) = -4*w**2 - w + 2. Let o be m(-2). Let q be -1 + (4 + 0)*-1. Let k = q - o. List the prime factors of k.
7
Suppose -2*t - 9 = -5*t, -1488 = -4*p + 4*t. List the prime factors of p.
3, 5
Suppose -2*a + 0*a - 36 = 0. Let y = -11 - a. List the prime factors of y.
7
Let w(h) = 10*h + 17. List the prime factors of w(7).
3, 29
Suppose 3*n + 3*v - 72 = 0, 3*v - 44 = -n - n. Suppose 5*l - l - n = 0. List the prime factors of l.
7
Let l = 45 + -26. What are the prime factors of l?
19
Suppose 10*q - 2869 = 711. What are the prime factors of q?
2, 179
Suppose 42 - 192 = -5*m - 5*c, -149 = -5*m - 4*c. List the prime factors of m.
29
Let y = 147 - 104. Suppose -11 = 4*p - y. List the prime factors of p.
2
Let y = 556 + -319. List the prime factors of y.
3, 79
Suppose 193 = 4*h - v + 4, -v + 234 = 5*h. Suppose 0 = 4*z + 4*a - 25 - 15, -5*z - 2*a + 35 = 0. Suppose z*g - 18 = h. List the prime factors of g.
13
Let f = 16 - 14. List the prime factors of f.
2
Let k(s) = -s**3 + 11 - 7*s + 0*s - 12*s**2 + 3*s**2. Suppose 2*f = d - 5*d - 24, 28 = -4*f + 2*d. List the prime factors of k(f).
3
Let x(f) be the second derivative of f**4/12 + 4*f**3/3 + 2*f**2 - 2*f. Suppose -3*o - 40 = 2*o - t, 5*o + 3*t = -40. List the prime factors of x(o).
2
Let z(i) = -24*i**2 + i. Let a be z(2). Let k = a - -142. Suppose -3*n = 4*g - 2*g - k, 5*g - 3*n - 78 = 0. List the prime factors of g.
2, 3
Let a be (-24)/(-3) + 12/(-4). Let u(c) = 4*c + 2. List the prime factors of u(a).
2, 11
Let u(b) = -b**3 + 8*b**2 - 7*b. Let r be u(7). Let c be (-4)/12*(-9 - r). Let s(p) = 2*p + 2. What are the prime factors of s(c)?
2
Let y(x) = -x**3 + 7*x**2 - 7*x + 6. Let d be y(5). Let g(a) = a**2 - 8*a - 2. Let s be g(6). Let u = s + d. List the prime factors of u.
7
List the prime factors of (-2)/3*876/(-8).
73
Suppose 4*d + 73 = 2*y + d, 2*y + 5*d - 33 = 0. Let m = -21 + y. What are the prime factors of m?
2
Suppose -2*i = 3*s - 87 + 211, -5*s + 285 = -5*i. List the prime factors of i/(-4) - (-1)/4.
3, 5
Suppose -6*k + 92 = -2*k. What are the prime factors of k?
23
Suppose u - 4*y = -45, -4*u + 5*y - 2 = 145. Let z = -3 - u. List the prime factors of z.
2, 3, 5
Suppose -2*u + 4 = -u. Suppose -u*l + 3*v + 35 = 0, 0*v = 5*l + 3*v - 10. Suppose 20 = 5*m - 5*g, 4*m - l*g - 10 - 5 = 0. List the prime factors of m.
5
Suppose -5*k + 205 = -3*n - 22, -235 = -5*k + 5*n. Suppose 0 = -5*f + m + k, 2 + 4 = 3*m. What are the prime factors of f?
3
Suppose 6*k - 12 = 3*k. Let s = k - 4. What are the prime factors of (5 - -2)/1 - s?
7
Let s be (-4)/3*(-3)/2. Suppose 2*n = -s*n - 4, 5*n - 8 = -h. List the prime factors of h.
13
Let r(q) = 2*q**3 - 3*q**2 - q + 2. Suppose 0 = -4*d - d. Suppose 4*w + 3*n + 1 + d = 0, n = -4*w + 5. List the prime factors of r(w).
2
Let g = 146 - 206. Let v = g - -108. What are the prime factors of v?
2, 3
Let r(g) = -g + 1. Let l be r(1). Let d = 28 - 3. Suppose l = -4*u + b + 58, 0*u - d = -u - 5*b. What are the prime factors of u?
3, 5
Suppose -2*v + 20 + 14 = 0. List the prime factors of v.
17
Let v = 113 + -78. Let n be (-20)/(-6) - (-6)/9. Suppose -v - 25 = -n*h + t, 15 = h + 4*t. List the prime factors of h.
3, 5
Let r(z) = -1 + 3*z**2 - 7*z - 4*z**2 + 0*z**2 - 1. Let c be r(-6). List the prime factors of (8/12)/(c/66).
11
Suppose 52 = -2*q - 26. Let j = -11 - q. What are the prime factors of j?
2, 7
Let c(z) = 35*z**2 - 2*z - 3. List the prime factors of c(-1).
2, 17
Let b(q) = -2*q - 4*q + 7*q + 8. Let c be b(-7). What are the prime factors of c + (-1 - 1*-2)?
2
Suppose 4*i = -5*h + 120 + 59, -5*i - 2*h = -211. What are the prime factors of i?
41
Suppose 5*h - 32 = -7. Suppose -a - 12 = -h*a. List the prime factors of a.
3
Suppose -16 = -3*n + 2. Let o(r) be the third derivative of r**4/12 - 2*r**3/3 + r**2. What are the prime factors of o(n)?
2
List the prime factors of (-3)/4 + (-57)/(-12).
2
Suppose -10*h = -6*h - 108. Suppose -5*p + h = -u - u, 2*u = -2. What are the prime factors of p?
5
Suppose -73 - 74 = -c - 3*l, -2*l = 3*c - 476. List the prime factors of c.
2, 3
Suppose 171 = y - 2*s, -y + 131 + 32 = -4*s. What are the prime factors of y?
179
Suppose -851 = -4*y + 3*y + 5*r, -3*r + 819 = y. List the prime factors of y/27 + 4/18.
31
Let m be (2/(-2))/((-9)/36). Suppose 2*k = 5*l + m*k - 20, -10 = -2*k. List the prime factors of l.
2
Suppose -h - 4*h - 40 = -3*c, -32 = 4*h - 4*c. What are the prime factors of h/6*(-6)/1?
2
Let u = 16 + -8. Suppose -u = -3*s + 4*a - 1, -s = 4*a - 13. What are the prime factors of s?
5
Let i = 0 + 0. Let a = i - -4. Suppose -3*v = -2 - a. What are the prime factors of v?
2
Let x(l) = -l**3 + 6*l**2 - 4*l - 5. Let g be x(5). Let s(y) = -y**3 - y**2 - y + 11. List the prime factors of s(g).
11
Let o = 200 - 63. List the prime factors of o.
137
Let v(x) be the third derivative of 2/15*x**5 + 0*x**4 + 2*x**2 + 0 - 1/120*x**6 + 0*x + 11/6*x**3. What are the prime factors of v(8)?
11
Suppose 0*o - 213 = -5*w + 4*o, -2*w + 84 = -o. Suppose -3*a + w = -7. What are the prime factors of a?
2
Let z(l) = -l**3 - 4*l**2 + 5*l + 4. Let t be z(-5). List the prime factors of 35/t - 7/(-28).
3
List the prime factors of 149/7 + (-12)/42.
3, 7
Let k be -3*(-1 + -16) - -1. Suppose 0 = -5*m, k = 2*h + m + 2*m. List the prime factors of h.
2, 13
Suppose -5*t = 4*g - 1035, -t + 84 + 99 = -4*g. Suppose -4*k = 3*s - t, -4*k + 128 = -4*s - 96. List the prime factors of k.
53
Let a(y) = y**3 + 5*y**2 - 7*y - 3. Let n be 15*(16/(-10))/4. Let i be a(n). Suppose 5*h = -20, -i*j + 2*h + 48 = j. What are the prime factors of j?
2, 5
Let c(q) = -q**3 + q**2 + 3*q - 2. Let o be c(2). Suppose 4*h + 1 + 7 = o. What are the prime factors of (6/(-5))/(h/10)?
2, 3
Suppose 25 = i + 4*i. Suppose 5*x - 2*o = -16 + 107, -i*x = 5*o - 70. List the prime factors of x.
17
Let n(i) = 12*i - 2. Let y be n(-4). List the prime factors of y/(-6) - (-6)/9.
3
Suppose 183 = -0*y + 3*y. What are the prime factors of y?
61
Let t = -14 - -17. Suppose n - t*s = 3*n - 55, -59 = -2*n + s. List the prime factors of n.
29
Suppose -5*m = 5*a - 270, 0 = -2*a - 0*a - 5*m + 111. What are the prime factors of a?
53
Let s be (0 - 1/(-